*u + 2*u**2 - 8 - 3*u**2. Determine d(8).
-25
Let m(d) = -8*d**2 + 17*d**2 - 7*d**2 + 0 - d**3 + 3*d + 2*d**3 + 4. Determine m(-3).
-14
Let d(g) = -9 - g**3 - 7*g**2 + 0*g**3 + 2. Suppose -3*r = -6 + 66. Let v(n) = -n**2 - 20*n - 7. Let p be v(r). Give d(p).
-7
Let q = 18 - 7. Let o(k) = -k**2 + 11*k - 5. Let m be o(q). Let n(a) = a + 1. What is n(m)?
-4
Let i(o) = -17*o**2 + 4*o + 5. Let f(h) = 12*h**2 - 3*h - 3. Let x(z) = 7*f(z) + 5*i(z). Give x(-3).
-2
Suppose -15*k - 10*k = -275. Let u(y) = -y**3 + 9*y**2 + 22*y + 2. Give u(k).
2
Let i(y) = -y**3 + 3*y**2 + y + 5. Let r be i(3). Let j(x) = -x + 5. Determine j(r).
-3
Let r(v) = -9 - 5*v + 0*v + 2 - v**2. Let t be (-176)/(-28) - 4/14. Let p = t - 11. Give r(p).
-7
Let l(j) = 0*j**2 + 0 + 1 + 6*j - j**2. Let b(i) = i**2 - 5*i. Suppose 20 = -5*t + 2*w, 8*t - 4*w = 4*t - 16. Let g(n) = t*l(n) - 5*b(n). Calculate g(0).
-4
Suppose 34*r + 16 = 220. Let u(w) = -w**2 + 5*w - 4. Give u(r).
-10
Suppose 0 = -3*u - 3*w + 9, -u - 3*u + w = 8. Let t(r) be the third derivative of -r**4/6 + r**3/6 - 6*r**2. What is t(u)?
5
Let b(q) = 2*q**2 - 13*q - 14. Let y(j) = 4*j**2 - 24*j - 26. Let c(i) = 7*b(i) - 4*y(i). Give c(5).
-19
Let u(c) = 3*c**2 - 14*c + 11. Let z(v) = 2*v**2 - 7*v + 6. Let y(q) = 3*u(q) - 5*z(q). What is y(-6)?
9
Suppose -k + 2*k = -6. Let t(u) = u + 88. Let n(q) = -q**2 - q + 435. Let z(l) = n(l) - 5*t(l). What is z(k)?
-5
Let f(y) = 3 + 7892*y**3 + y**2 - 7891*y**3 + 0*y - 3*y. Give f(2).
9
Let y(l) = l**3 - 12*l**2 + 37*l - 14. Let a be y(7). Let i(k) = -k**2 - 5*k - 8. Determine i(a).
-8
Let p(n) = n**3 + 20*n**2 + 18*n - 17. Let w be p(-19). Let d(f) = f**2 + 6*f + 3. Let k(c) = -c + 1. Let x(m) = w*k(m) - d(m). Determine x(-7).
6
Let u = -9 - -13. Let w(z) = u - z**2 - 2 + 3*z - 5 + 0. Suppose q + 2 = 2*q. Calculate w(q).
-1
Let b(y) be the second derivative of 0*y**2 - 4*y + 4/3*y**3 + 0. What is b(2)?
16
Let x be 12/(-2) - (-63)/21. Let a(f) = 12*f + 7. What is a(x)?
-29
Let r(l) = 5*l**2 + 6*l**2 - 3 + 4*l - 20*l**2 + 2*l**2. Give r(1).
-6
Let k(z) = -30*z + 1. Suppose 5*j + 6*c = 11*c - 5, -2*c = -5*j - 8. Give k(j).
61
Let h(k) = k**3 - 2*k**2 - k - 2. Let p be h(3). Suppose -3*x = -p*x. Let i(z) = -z. Let g(l) = 5*l - 5. Let y(r) = g(r) + 4*i(r). Calculate y(x).
-5
Let s be (-2)/(-2) - 10/2. Let r(f) = -17*f + f**2 - 39*f - 5 + 58*f. Give r(s).
3
Let n(x) be the first derivative of 7*x**3/3 - x**2 - x + 320. Calculate n(-1).
8
Suppose 11 = 2*i - 3*a, 2*a - 2 = i - 8. Let x(v) = -v**3 + 4*v**2 - v + 5. What is x(i)?
1
Let l(x) = -2*x**3 + 2*x. Let j(n) = n**3 + 17*n**2 + 16*n - 8. Let o be j(-16). Let f be ((-93)/27 - -3)/(o/36). Determine l(f).
-12
Suppose -3*m - 190 = -d - 528, -m + 5*d = -122. Let z be (192/m)/((-2)/(-7)). Let g(u) = 6 + 2*u**2 - u**2 - u - 6*u. What is g(z)?
0
Let j(p) = -p**2 - p + 7. Let v = -2464 + 2469. Give j(v).
-23
Let t(r) be the second derivative of -r**4/12 + r**3/2 - 3*r**2 - 606*r. Give t(0).
-6
Let k(l) = -7*l - 13. Let a be k(-9). Let c(i) = -a - 5*i + 50. Determine c(2).
-10
Let i(n) = -8*n + 36. Let j(m) = -2*m + 9. Let x(z) = -2*i(z) + 9*j(z). Let y(u) = -2*u**3 + 15*u**2 + 11*u - 18. Let g be y(8). Calculate x(g).
-3
Let k(x) be the third derivative of -x**5/60 + x**4/6 - 2*x**2. Let p(m) = m**2 + 10*m - 5. Let t be p(-11). Calculate k(t).
-12
Let d(z) = 4*z**2 - 47*z + 18. Let s be d(11). Let p(y) = -y**2 - 14*y + 26. Calculate p(s).
11
Let i = -582 + 579. Let q(p) = p**3 + 7*p**2 + 3*p + 1. Determine q(i).
28
Let i(k) be the first derivative of -k**3/3 + 9*k**2/2 - 8*k + 142. Determine i(6).
10
Let u be (-84)/(-20) - (-2)/(-10). Let r(x) = 3 - 6 + u*x**2 - 4*x**3 + 5*x**3 - 3*x. Let q(t) = -t**2 - t - 3. Let z be q(0). What is r(z)?
15
Let x(d) = d**3 + 14*d**2 - 17*d - 37. Let t(m) = 5*m - 60. Let g be t(9). What is x(g)?
-7
Let f(c) = -3*c**3 - 2*c**2 + 1. Let b = -424 - -423. Give f(b).
2
Let k = 4 - 2. Suppose -14 = 3*p - 8. Let x(u) = u - 1. Let n(o) = -4*o. Let z(a) = p*x(a) - n(a). What is z(k)?
6
Let n(b) = b**3 + 49*b**2 - 53*b - 152. Let s be n(-50). Let z(y) = 3*y**2 - 6. Let g(p) = p**2 - 2. Let c(m) = -7*g(m) + 2*z(m). What is c(s)?
-2
Suppose -8*t + 24 = -0*t. Let q(x) = -2*x**3 + 2*x**2 - 4*x + 1. Calculate q(t).
-47
Let v = 22 + -21. Let f be -1*26/(-2) + v. Suppose -5*d = -16 - f. Let x(b) = b**3 - 7*b**2 + 4*b + 8. What is x(d)?
-4
Let n = -156 - -165. Let y(q) = -q**3 + 9*q**2 + q - 4. What is y(n)?
5
Suppose 4*z = -3*a - 43, 5*z - 4*a + 24 = -22. Let d = z - -9. Let y(x) = x**2 - 1. Let h(j) = -12*j**2 - j + 6. Let n(s) = -h(s) - 6*y(s). Determine n(d).
5
Let z(o) = o**2 + 7 - 16 + 39*o + 7 - 38*o. What is z(-6)?
28
Suppose -2*r = 3*w - 5*r - 66, 0 = 3*r - 12. Let q = w - 26. Let n(i) = -i**2 + 3*i - 2. Let s(z) = z**2 - 4*z + 2. Let a(y) = 3*n(y) + 2*s(y). Give a(q).
-2
Let o(j) = j + 78*j**2 - 36*j**2 + 6 - 43*j**2. Determine o(6).
-24
Let k = 56 - 96. Let x = 36 + k. Let a(n) = n**3 + 4*n**2 - 2*n - 1. Determine a(x).
7
Let i(a) = -13*a**3 + a**2 - a. Let g be -4 - -1 - 2 - (-630)/105. What is i(g)?
-13
Let t(v) be the second derivative of -v**5/120 - v**4/6 + 7*v**3/3 - 13*v. Let m(q) be the second derivative of t(q). What is m(-5)?
1
Suppose 235 - 228 = n. Let j(r) = -r + 20. Calculate j(n).
13
Let y be (-7 - 8)/(6/4). Let x be ((-1)/(y/36))/(38/95). Let d(p) = -p**3 + 8*p**2 + 8*p + 9. What is d(x)?
0
Suppose 4*k = -2*b + 88, 5*b + 0*b + 53 = 3*k. Let l = k + -19. Let c(q) = l*q**3 + 4*q + 2*q**2 - 6 + 1 + 7. Calculate c(-2).
-14
Let a = 8905 + -8906. Let f(o) be the third derivative of o**6/12 + o**5/30 - o**3/6 + o**2. Determine f(a).
-9
Let i be (-4)/(-6) - (-3)/9. Let g(t) be the second derivative of 1/6*t**3 + 0*t**2 + 0 + 4*t - 1/12*t**4 - 1/20*t**5. What is g(i)?
-1
Let x(q) = -9*q - 4. Let y(s) = -7*s - 1. Let o(f) = -2*x(f) + 3*y(f). Determine o(3).
-4
Let j(h) = h**3 + 2*h**2 - 1. Let d be j(-2). Let n(r) = 3 - 5793*r + 5793*r + 6*r**3 - 4 - 12*r**3. What is n(d)?
5
Let b be (-74)/2 + 2 + -1. Let d = b + 41. Let x(t) = -t**3 + 4*t**2 + 8*t - 5. Calculate x(d).
10
Suppose -3*d + 3 = -0. Let f(z) be the third derivative of 0 + 0*z + 0*z**3 + 5/24*z**4 + 52*z**2. Determine f(d).
5
Let g(u) = -24*u. Let d be 10 - 12 - (-1 - 0). Let q be g(d). Let r = 30 - q. Let v(s) = s**3 - 5*s**2 - 8*s + 8. Give v(r).
-4
Let v(c) be the second derivative of c**6/120 - c**5/15 + c**4/8 - c**3/6 - 11*c**2 + 24*c. Let h(r) be the first derivative of v(r). Give h(4).
11
Let r(l) = 2*l**2 + l - 5. Suppose 4*z - 3*z = 3*x - 19, x = 5. Calculate r(z).
23
Let o = 9299 + -9297. Let p(i) = -8*i**3 - 7*i**2 + i - 7. Let t(k) = -7*k**3 - 6*k**2 + k - 6. Let z(a) = 5*p(a) - 6*t(a). Determine z(o).
19
Let o(s) = 9*s**3 - 4*s**2 + 5*s + 1. Let p(f) = 10*f**3 - 5*f**2 + 6*f + 1. Suppose -3*t = -58 + 22. Let a = 7 - t. Let b(d) = a*o(d) + 4*p(d). Give b(-1).
5
Let h(q) be the first derivative of -q**3/3 - 6*q**2 - q - 13. Determine h(-9).
26
Let h(k) = 3*k**2 + 1. Let d = 19 - 15. Suppose 1 = x, -o + d*x - 6 = o. Let c be -2 + o - (7 + -9). What is h(c)?
4
Let a(p) = p**2 + 11*p + 1. Suppose -50*r - 7 = -49*r. Give a(r).
-27
Let o = -77 - -81. Let f(y) be the third derivative of -y**7/5040 + y**6/720 + y**5/15 + 2*y**2. Let l(b) be the third derivative of f(b). What is l(o)?
-3
Suppose 0 = 2*s - 3*i + 13, -s + i = -0*s + 4. Let z(l) = -3*l. Calculate z(s).
-3
Let g(f) = f**3 + 3*f**2 - 4. Suppose -5*d = -5*c + 80, -3*c + d + 3*d + 51 = 0. Suppose 3*a + 15 = -5*n + 2*n, 5*a - n = -c. What is g(a)?
-4
Let o be 6/(-30)*330/(-6). Let m(q) = q**3 - 10*q**2 - 12*q + 26. What is m(o)?
15
Suppose -5*h = -3*h. Suppose h = -s - 2 + 1. Let l(k) = 6*k + 0*k - 4*k. Calculate l(s).
-2
Suppose 3*s - 7*u + 11*u = 34, 3*s - 6 = 3*u. Let h(v) = 2*v**2 - 14 - s*v + 24 - 6. Let c(d) = -d**3 - 6*d**2 - d - 2. Let y be c(-6). Calculate h(y).
12
Let f(r) be the second derivative of r**3/6 - 7*r**2/2 + 137*r. Determine f(5).
-2
Let s be (4/18 - (-666)/(-81)) + 0. Let t(m) = -3*m - 22. Determine t(s).
2
Let d(u) be the first derivative of -u**3/2 + 4*u**2 - 7*u + 17. Let n(y) be the first derivative of d(y). Give n(7).
-13
Let o(j) = 1 + 3 - 8 + 3*j + 0. Suppose -13 + 1 = 3*a. Let w = a - -7. Give o(w).
5
Let b(o) be the first derivative of o**2/2 + 3. Suppo